6 + (-14 - (-6 + 2)).
6
What is -5 + -2 + 7 + 5?
5
What is 10 - (-2 + 3) - 3?
6
(10 - (8 - 3)) + 1 + -4
2
Calculate 0 + 0 - (1 + 4 + -5).
0
What is 138 + -138 - (1 + 1 - -3)?
-5
Evaluate 3 + (4 - 0) + -5.
2
Evaluate 3 - (-9 - -6 - (2 + -1)).
7
(3 - (12 - -5)) + 16 + -10
-8
(-5 - 0 - (-3 + 0)) + -2
-4
What is the value of -3 - (5 + -11) - 1?
2
Evaluate -26 + 27 + (2 - 1).
2
3 - (-9 + (17 - 5))
0
What is -1 + (13 + -5 - (1 + 3))?
3
Evaluate -2 + 2 - (-17 - -19).
-2
What is the value of -6 - (2 + (-2 - -1)) - -3?
-4
Evaluate -3 - ((-10 - -1) + 3 + 4).
-1
What is the value of -4 + 3 + (-1 - -4 - 6)?
-4
What is the value of (0 - 2) + 3 + -6 + 2?
-3
What is the value of 13 + (-7 - 8 - -10)?
8
Calculate 2 + (-2 - 1) + -3 + -1.
-5
Calculate -3 + -9 + (2 - -6).
-4
What is the value of 3 + -4 + 1 + -5 + 4?
-1
What is 22 + -20 + (2 - 1)?
3
What is (-15 - -4) + 7 + 7?
3
What is the value of -2 + -1 + (4 - (-2 - -8))?
-5
Evaluate 0 + 3 + -4 - -4.
3
Evaluate 1 + 6 + -13 - 2 - -9.
1
Evaluate 3 + (2 - 2 - (1 - -3)).
-1
3 - (-3 + 15 + -2) - -2
-5
Calculate 6 - (10 - 6) - 0.
2
1 - (-2 + 3 - (0 + 3))
3
0 + -6 - (0 + -2)
-4
Calculate -8 - (-1 - 3 - (-24 - -21)).
-7
Calculate 6 - (3 + 2 + 5).
-4
8 - (8 + -6 + 5)
1
Calculate -7 + 7 - (0 + -1).
1
What is the value of 9 + (-2 - 1 - 5)?
1
What is the value of 0 + (1 - 0) - (2 + 0)?
-1
Calculate -7 - -11 - 10 - -9.
3
What is the value of 1 + (9 + -4 - 5)?
1
What is -16 + 11 - (-6 - 1)?
2
(9 - 4) + (5 - 7)
3
Calculate -7 + -5 + 5 + (6 - 5).
-6
What is the value of -3 + -4 + 4 - -2?
-1
What is -1 + 5 + 5 + -6?
3
-4 - -4 - 2 - 0
-2
What is -2 + -6 + (-3 - -6) + 5?
0
What is -12 + -8 + 12 - (-2 + 0)?
-6
Calculate 6 + (-2 - (6 + -4 + -3)).
5
(4 - 8) + 2 + 0
-2
What is -23 + 31 - (3 - 0)?
5
Evaluate (4 - 3) + -1 + -2 + 3.
1
What is the value of -3 - (-1 + (5 - 3))?
-4
What is the value of -5 + -7 + 6 + -3?
-9
-1 - (-1 + (-2 - (-4 - -2)))
0
Evaluate (-4 - 0) + (-3 - -6).
-1
Evaluate 6 - (5 + 0 + (0 - 7)).
8
What is the value of 1 - (1 + 0 - 0)?
0
What is 1 - ((-6 - -11) + (7 - 7))?
-4
What is -1 + (3 - 6 - -8 - 11)?
-7
What is the value of -1 + -3 - (12 + -32 + 12)?
4
Calculate (1 - 0) + 0 + 4 + -3.
2
(0 - -3) + 3 + -8 + 2
0
Calculate -2 + 6 - 4 - (-1 - 1).
2
What is (-1 - -5) + (1 - 4) + -1?
0
What is the value of -3 + 2 + -4 + 4 - -8?
7
What is the value of (22 - 25) + 3 + -1 + 4?
3
Evaluate -1 + 0 + 3 - -1 - -1.
4
What is 3 + -3 + -2 + 0 + 1?
-1
What is the value of 9 + -2 - (3 + 9)?
-5
Evaluate 4 - 0 - (2 - (2 + -2)).
2
What is (3 - 2) + -3 + 13 + -17?
-6
1 + (0 - 4) + 1 + 1
-1
What is the value of 0 - 0 - (2 - (-1 - 2))?
-5
What is the value of 3 + -2 + 3 - (11 + -15)?
8
What is (1 - -1) + 2 + 0 + -1?
3
Evaluate -1 - (-6 + 3 + 5).
-3
Evaluate -4 - (1 + -5 + (-4 - -4)).
0
Calculate 4 + (-1 - (2 + -1)).
2
What is the value of -9 + (15 - (6 + 5))?
-5
What is 3 + (-7 - (-1 + -2))?
-1
Calculate 2 - -5 - (16 - -18 - 19).
-8
Evaluate 5 + (-7 - 3) + 6.
1
What is -4 + (8 - -2) - 2?
4
Evaluate 0 + (3 - (1 + 1)).
1
What is the value of 8 - (-2 - 2 - -11)?
1
What is the value of -1 + (3 - (3 + -1)) - 4?
-4
What is (1 + 0 - -3) + -9?
-5
Calculate 2 + 13 + -9 + 0.
6
Evaluate -1 - -4 - (-24 - (-34 + 10)).
3
What is 7 + (-5 - 0) - 10?
-8
Calculate 6 - (-5 - (-8 - -3)).
6
(-2 - -19) + (7 - 18)
6
What is -7 + 10 + (-2 - -4)?
5
Evaluate -2 - (5 + (-2 - 0)).
-5
-5 - (3 + (-4 - 0))
-4
0 + -3 - (-4 - (-1 + -1))
-1
(3 - (6 + 0)) + -3 + 2
-4
Evaluate -8 + 2 - (2 + -6).
-2
What is 7 + 1 + -4 + -6?
-2
What is the value of 3 + -6 + -2 + 3 + -2?
-4
What is 4 - (8 + -1) - (-6 + 1)?
2
Calculate 5 - (11 - 1 - 5 - 6).
6
What is 1 - -1 - (2 - 2 - -1)?
1
What is the value of (-8 - -5) + (3 - (8 + -2))?
-6
Calculate 4 + -1 + (9 - 3) + -5.
4
Evaluate 1 + (0 + (5 - 2) - 0).
4
-4 - (-5 - (-4 + -1) - 2)
-2
Calculate 0 + (2 + -3 - -3) + -5.
-3
(6 - 0) + -9 - -5
2
Evaluate (0 - -1) + -3 + 2.
0
Evaluate (5 - 14) + 3 - -3.
-3
Evaluate -7 + 1 + 0 - (41 + -45).
-2
What is the value of -11 + 0 - (-5 + (2 - 1))?
-7
What is the value of (4 - ((3 - 3) + -1)) + 2?
7
What is the value of 11 - (7 - (-1 + -6))?
-3
Evaluate 1 + 3 + -2 - -3.
5
-5 + (-2 - -2) + 4 - -4
3
Evaluate 3 - (-5 + 3) - (8 + -4).
1
What is (0 - (0 + 3)) + -15 + 12?
-6
1 - 8 - (-2 - 1)
-4
What is 0 + 4 - 3 - 5?
-4
Evaluate -13 + 15 + (0 - -2) + -1.
3
Calculate (5 - 11) + (4 - 5).
-7
Calculate -5 + 1 + -4 - (-3 + -9).
4
What is the value of -3 - (-4 - (4 - 5))?
0
Evaluate 3 - (1 + 0 + 2).
0
Evaluate 11 + -8 + -7 + 0.
-4
What is the value of -4 + -12 + 6 - -8?
-2
(-5 - -2) + (-2 - -9)
4
Evaluate -2 + 6 - 5 - 0.
-1
Calculate 2 - (-3 + (2 - 0)).
3
14 + -10 + (-4 - 1) + -7
-8
-1 - (-2 + 5 + -6 + 0)
2
Calculate 7 - (3 + -9 + 4 - -4).
5
Evaluate (-9 - -6 - -13) + -10.
0
What is 0 - (3 + (2 - 7) + 2)?
0
What is (6 - (5 - 5)) + -16 + 6?
-4
Calculate 4 - (5 + -3 + -7 - -3).
6
What is 1 + -2 + (-6 - (-9 - -3))?
-1
Evaluate 41 - 18 - (9 - -3).
11
Evaluate -8 + 5 + -1 + -2 + 1.
-5
Calculate -3 + 5 + (8 - 6).
4
What is the value of -8 + 5 + -3 + -4 - -5?
-5
Calculate -14 + (-6 - -11) + 16.
7
Calculate -12 + 27 + 6 + -18.
3
(1 - 0 - (21 - 20)) + 2
2
What is the value of 7 + -10 + 1 + 5 - 2?
1
What is the value of -8 + 4 + -3 - (1 - 4)?
-4
What is the value of -26 + 27 + (2 - 6)?
-3
Evaluate -7 + (21 - 9) - 10.
-5
What is -2 + 3 + 9 - 5?
5
What is 15 - 9 - (8 - 5)?
3
(5 - 4) + 9 + -4
6
Calculate (4 + -3 - 3) + 3 + -6.
-5
Calculate 3 - (5 - 0 - 0).
-2
What is the value of -4 - 0 - (0 - (-11 + 20))?
5
What is -4 - (-20 + -1 + 13)?
4
What is the value of 19 + (-8 - 3) + 1?
9
Evaluate 2 + 5 + -4 + -1.
2
What is the value of 9 - (-3 - -4 - -3)?
5
What is 10 + 6 + 0 + -12?
4
Evaluate 2 + -1 + 2 + -1 + -5.
-3
Evaluate 11 - (11 + (8 - 7)).
-1
What is 1 + -9 - (-77 + 66)?
3
What is the value of (-5 - (3 + -4)) + 5?
1
Calculate -4 + (-2 - 0) + 3.
-3
Evaluate -9 - (-6 - (-4 + (3 - -1))).
-3
What is the value of (6 - -3) + -9 + -1 + 8?
7
What is the value of -3 + 2 - (3 - 0 - 1)?
-3
Calculate 3 + 0 + 0 - (1 - -3).
-1
Calculate 9 + -7 - -1 - (0 + -4).
7
-4 - -9 - (-3 + 1)
7
What is the value of 3 - (6 - (-2 - -4))?
-1
Evaluate 1 - (4 - -1) - (-12 - 3).
11
What is the value of 7 - 6 - (3 - -2)?
-4
-2 + (4 - 3 - -2) + -1
0
9 - 12 - (-15 - -4)
8
Evaluate -7 + (-3 - (-5 - -7)) + 11.
-1
Evaluate (-6 - 5) + 5 - (-7 + 2).
-1
What is the value of 2 - (2 + 1 + 1)?
-2
Calculate (-3 + 4 - (4 + -1)) + 1.
-1
What is -18 - -9 - -5 - -3?
-1
Evaluate -4 - -6 - (0 + 0).
2
Calculate 6 + -4 + (2 - 0 - -1).
5
2 - 3 - (0 + 6 + -11)
4
5 + -16 + (-2 - -9)
-4
Evaluate (-3 - 0) + 4 + 3 + -9.
-5
1 + -6 + 22 + -9
8
What is 2 - (6 + -1 + -4)?
1
What is 2 + -8 + 3 + 2?
-1
What is -8 - (4 - (-3 - -13))?
-2
What is 3 - (-1 + 4 - 5)?
5
-7 - (3 + (-2 - (7 + -3)))
-4
What is -3 - (1 + -7 + 0)?
3
4 - ((-1 - -6 - -1) + 4)
-6
Evaluate -5 - (-2 - (-5 + 7 - 0)).
-1
Evaluate -3 - (0 + 4 - 8).
1
What is the value of (5 - (-4 + -1 + 4)) + -2?
4
Calculate (6 - (-7 + 14)) + 9.
8
What is the value of 2 - 3 - -3 - (22 + -18)?
-2
What is the value of -6 + 1 + 4 + (2 - -1)?
2
Evaluate 1 + -2 + -2 - 1.
-4
What is (14 - 18) + 6 + -2 + 1?
1
1 + -8 + 10 + (2 - 2)
3
What is 1 - (-2 - (-7 - 2))?
-6
-1 - -9 - (-1 + (1 - -4))
4
What is the value of (2 + -5 - 3) + 1?
-5
Evaluate -5 + (15 - (3 + 2)).
5
Evaluate -1 + (0 - (-7 - -4)).
2
Calculate 4 + -1 - (10 - 1).
-6
What is the value of 2 + 1 + 3 + -5?
1
Calculate -4 + (-2 - -6) + (8 - 5).
3
Calculate 17 + -6 + -6 - 5.
0
What is (-1 - 1) + -28 + 28 + 5?
3
Evaluate 5 + (-3 - -2) + 0.
4
Calculate (0 - (-4 - 0)) + 0.
4
What is -4 - -6 - (2 - 4)?
4
Evaluate 0 + -6 + -3 + 12.
3
Calculate (0 - -2) + -10 + 7.
-1
(5 - 7) + (-1 - 0 - 1)
-4
What is the value of 2 - 5 - (-3 + -3)?
3
Calculate -6 - (3 - 14) - 1.
4
Evaluate -13 - -10 - (-2 + 0 + 4).
-5
Calculate 1 - 1 - 5 - (-14 + 13).
-4
What is -5 + -7 - (-8 - -2)?
-6
Evaluate (12 + -5 - 6) + 1 + -2.
0
What is 4 + (-5 - -3 - -3)?
5
Calculate 0 + (-4 - -1) + -1 + 1.
-3
Evaluate (9 + -5 - -3) + -14.
-7
What is (8 - 4) + -1 - 10?
-7
What is the value of -6 - (-6 + -8 - -5)?
3
What is the value of 10 - ((1 - -7) + -1)?
3
What is the value of -4 - -1 - (14 - 15 - -3)?
-5
2 - (16 - (5 - -3))
-6
Evaluate (-1 - -3 - -2) + -1 - 1.
2
5 - (2 + 1) - -2
4
3 + -13 + 5 + 2 + 2
-1
Evaluate -7 - -1 - (-6 + 3 + 